highest common factor of h and n.
12
Let y = -39559 - -40028. Calculate the greatest common factor of y and 203.
7
Let q be ((-1386)/(-616) - (-226)/24)*63. Calculate the highest common divisor of 8673 and q.
147
Suppose 46*f - 16 = 45*f. Calculate the highest common divisor of 200 and f.
8
Let y = -10 - 11. Let q = -19 - y. Suppose n + 2*n = z + 56, -q*z + 50 = 3*n. What is the highest common factor of n and 18?
18
Let m be 1386/6237 + 4/(-18)*-29933. What is the highest common factor of m and 8?
4
Let g(o) = -4*o**2 - 16*o - 15. Let f be g(-9). Let s = 451 + f. What is the greatest common factor of 96 and s?
32
Suppose 2*d - 5*t - 93 = 0, 3*d + 2*t + 269 - 323 = 0. Let z be -1 - -169 - (0 + 0). What is the greatest common factor of z and d?
24
Let s(b) = -b**3 + 3*b**2 + 3*b. Let a be s(-3). Let g(d) = d**3 + 21*d**2 + 59*d + 117. Let o be g(-18). What is the greatest common factor of a and o?
9
Let g be 8/(-1)*20*(-28)/16. Calculate the greatest common divisor of 252 and g.
28
Let d(g) = g**3 - 6*g**2 - 7*g + 7. Let x be d(7). Let n be ((-156)/(-117))/(2/(-927)). Let u = n + 625. What is the highest common factor of x and u?
7
Suppose 0 = 21*n - 15958 + 12052. Calculate the highest common divisor of 30 and n.
6
Let z = 15662 + -15441. What is the greatest common factor of z and 33371?
221
Suppose -2*r + 2*d - 5*d = 395, 5*r + 2*d + 971 = 0. Let z be 2/(-8) - r/4. Suppose -2*q + 30 = 3*q. Calculate the highest common divisor of z and q.
6
Suppose 320*t + 314*t + 55152 = 652*t. What is the greatest common factor of 8 and t?
8
Suppose j - 4*s - 46 = 0, -3*s + 276 = 5*j - 0*s. Suppose 0 = j*b - 55*b + 12. What is the greatest common factor of 132 and b?
12
Let j = -2644 - -6359. What is the highest common divisor of j and 15?
5
Suppose -318600 = -41*s + 292997. Calculate the highest common factor of 14 and s.
7
Let i be 855 - 0*(-7)/(-140). Calculate the highest common factor of i and 3230.
95
Suppose 0 = 39*k - 13327 - 15572. Suppose k*y = 749*y - 2288. Calculate the highest common factor of 11 and y.
11
Let u = 13 - 13. Suppose 0 = -u*c + 2*c. Suppose 3*q + 80 = n + 8*q, c = -3*n + 2*q + 206. What is the highest common divisor of n and 14?
14
Suppose 5*x = v - 5239, 9*x + v + 5231 = 4*x. Let z = -999 - x. What is the greatest common divisor of z and 256?
16
Let m(u) = -28*u**2 + 6*u**3 - u**3 - 8 + 27*u**2 + 10. Let y be m(1). What is the highest common divisor of 9 and y?
3
Suppose 2*w - 7*w = -15. Let g = 3 + 1. Let s be w + (-10)/g + (-445)/(-10). What is the highest common divisor of s and 5?
5
Let y = 427 + -418. Let l be y - -30*(-1)/(-2). Calculate the greatest common divisor of l and 156.
12
Let m(v) = v**2 - v - 1. Let b be m(4). Suppose 4*i - 4*x = 100 - 20, -3*x = 4*i - 108. Let p = i - b. Calculate the highest common divisor of p and 52.
13
Let w = 1 - -2. Suppose 3*r - 14 = t - w*t, -45 = -5*r + t. Suppose 5*y = j - 24, -2*y = -4*j + 2*y + 96. What is the greatest common divisor of r and j?
8
Let k = 126 - 169. Let d = k + 55. Suppose -13*z + 82 + 74 = 0. Calculate the highest common factor of d and z.
12
Let f be ((-14)/(-2) - (-2584)/(-340)) + 1323/5. What is the greatest common divisor of 2310 and f?
66
Let z = 5081 - 4814. Calculate the highest common divisor of 89 and z.
89
Let p(t) = -t**2 - 2*t + 1. Let m be p(-3). Let s be 0/4 - (m + -70). Let z be -7 + 2 + 2 + 51. What is the greatest common factor of s and z?
24
Let g be 16/28*1 + 128949/21 + -3. What is the greatest common divisor of g and 99?
99
Let w be (8/(-5))/(14828/1485 - 10). Suppose 0 = -45*n + 54*n - w. Calculate the highest common factor of 276 and n.
12
Let c be 445/(-7) - (11/(-7) + 1). Let t = -48 - c. Calculate the greatest common divisor of 405 and t.
15
Let x(j) = 2*j + 28. Let b be x(-11). Let r(l) = -22*l + 158. Let v be r(b). What is the greatest common divisor of 455 and v?
13
Let c = 151402 - 151073. Suppose -u = 2*u - 282. Calculate the greatest common factor of c and u.
47
Let u be ((0 - 4) + 29)/((-125)/(-650)). Calculate the highest common divisor of u and 5941.
13
Suppose 5*c = g + 306, 4*g - 2*c = -3*c - 1203. Let q = -175 - g. What is the greatest common divisor of 81 and q?
9
Suppose -299*z = -280*z - 342. Calculate the highest common divisor of z and 18.
18
Let m(v) = 16*v - 88. Let b be m(6). Let s(g) = -g**3 + 9*g**2 - 24*g + 158. Let n be s(b). What is the highest common factor of n and 280?
10
Let z be ((-2223)/(-38))/((-3)/(-4)). Suppose z - 18 = w. Suppose -w = 3*p - 7*p. Calculate the highest common factor of p and 15.
15
Let c = 27 + -25. Suppose -c*n + 16 = 18. Let k = 2 + n. What is the greatest common factor of k and 9?
1
Let h(c) = -534*c + 310. Let x be h(-15). Calculate the greatest common factor of x and 40.
40
Suppose 5 = 5*i - 5. Suppose 10*j - 320 = 290. Suppose -60*k - 5 = -j*k. What is the highest common divisor of i and k?
1
Suppose 257*z + 11*z - 763891 = 72269. Calculate the greatest common factor of 30 and z.
30
Let p be (-120)/100 - (-1)/(10/262). Calculate the highest common divisor of p and 3.
1
Suppose -b = -4*t + 204, 6*t - 5*b - 136 = 3*t. What is the highest common factor of 2756 and t?
52
Let k be 160716/413 + (-6)/(-7). What is the highest common factor of k and 2444?
26
Suppose 8*d - 2*q - 110 = 4*d, -5*q = 2*d - 49. Let l be (4 - 3)/1 - 1*-62. Calculate the greatest common divisor of d and l.
9
Suppose 3*y = 2*b - 36, 3*b - 50 = 4*y + 2. Suppose -158 = -b*d - 14. What is the greatest common factor of 240 and d?
12
Let q = -153 + 150. Let s(y) = 7*y + 33. Let z be s(q). Calculate the highest common divisor of z and 42.
6
Let b = -14 + 78. Suppose -83 = -4*q - f, -b = 2*q - 5*q + f. Let u(x) = 3*x**2 + 6*x - 9. Let y be u(8). What is the greatest common factor of q and y?
21
Suppose 48*s = 2809 - 793. What is the highest common factor of 3220 and s?
14
Suppose -21*u = -0*u - 4*u - 6171. What is the highest common divisor of 2057 and u?
121
Suppose -5*k - 7*h + 27 = -10*h, -5*k + 5*h = -25. Suppose -189 = -56*d + 52*d - i, 0 = -2*d + 5*i + 67. Calculate the greatest common factor of k and d.
2
Suppose 4*o - o - 172 + 28 = 0. What is the greatest common factor of 768 and o?
48
Suppose 5*h + 381 = -69. Let m = 130 - 240. Let t = h - m. Calculate the greatest common factor of t and 90.
10
Suppose -4*s - 12 = 0, 22 = 5*h - s - 3*s. Suppose -2*x = -h*m + 10, 7 = 5*m + x - 0. Suppose 9*l - 8*l = m. Calculate the greatest common divisor of 2 and l.
2
Let x = 152 - 431. Let q = -249 - x. Calculate the greatest common factor of q and 15.
15
Let q be (-16)/(-20) - 292/(-10). Let o = q - 28. Suppose -o*k - 16 = -6*k. Calculate the greatest common divisor of 12 and k.
4
Let r = 106 - 66. Suppose k - 4*h - 30 = -0*k, k - 3*h = 25. Let t = k - 2. What is the greatest common divisor of r and t?
8
Suppose 0 = -55*u + 147680 + 93110. Calculate the greatest common divisor of u and 22.
22
Let j = -57 - -19. Let v = -33 - j. Suppose 0*m + v*x + 31 = m, 2*m - 22 = 2*x. What is the greatest common factor of 6 and m?
6
Let n(h) = -h - 5. Let l be n(-10). Let d be l/(-2)*(-86)/5. Let i = d - 39. Calculate the highest common factor of 2 and i.
2
Suppose -3*v + 2*v - 32 = -p, 2*p - 82 = 5*v. What is the highest common divisor of p and 4342?
26
Let t(u) = u**2 + 23*u + 68. Let g be t(-7). Let l(j) = 3*j**2 + 8*j + 2. Let m be l(-6). Let i = g + m. What is the highest common factor of i and 162?
18
Suppose 39*t = 25*t + 252. Let o be ((-15)/(-3) - -2)*(t + -15). Let u(i) = -11*i - 1. Let f be u(-2). Calculate the greatest common divisor of o and f.
21
Suppose -705 = -32*v + 1151. Let f = v + 41. What is the greatest common factor of f and 121?
11
Suppose -94*x + 2746 = -1390. Suppose -2*l - 5*r + 1390 = 0, -8*r = 3*l - 4*r - 2099. Suppose 0 = 5*d - l - 175. What is the greatest common divisor of x and d?
44
Suppose 3*c + c = 3*d + 65, 0 = -5*d + 5. Calculate the highest common factor of 629 and c.
17
Let d = 3089 + 1053. Calculate the greatest common factor of 76 and d.
38
Let n be ((2 - 5) + -2)*-1. Let d(h) = h**3 - 2*h**2 - 5*h. Let i be d(-3). Let a = 50 + i. What is the greatest common divisor of a and n?
5
Let l(t) = 14*t**2 - 2*t - 1. Let n be l(-1). Suppose d = -5*k + n + 40, 5*k = 3*d - 185. Calculate the greatest common 